{"id":104,"date":"2023-11-19T12:22:13","date_gmt":"2023-11-19T11:22:13","guid":{"rendered":"https:\/\/pillon-sculptures.fr\/?page_id=104"},"modified":"2024-02-07T11:24:57","modified_gmt":"2024-02-07T10:24:57","slug":"contact","status":"publish","type":"page","link":"https:\/\/pillon-sculptures.fr\/?page_id=104","title":{"rendered":""},"content":{"rendered":"\t\t<div data-elementor-type=\"wp-page\" data-elementor-id=\"104\" class=\"elementor elementor-104\">\n\t\t\t\t<div class=\"elementor-element elementor-element-50556db e-flex e-con-boxed e-con e-parent\" data-id=\"50556db\" data-element_type=\"container\" data-e-type=\"container\">\n\t\t\t\t\t<div class=\"e-con-inner\">\n\t\t<div class=\"elementor-element elementor-element-e47e41f e-con-full e-flex e-con e-child\" data-id=\"e47e41f\" data-element_type=\"container\" data-e-type=\"container\">\n\t\t\t\t<div class=\"elementor-element elementor-element-602cb2d elementor-invisible elementor-widget elementor-widget-image\" data-id=\"602cb2d\" data-element_type=\"widget\" data-e-type=\"widget\" data-settings=\"{&quot;_animation&quot;:&quot;fadeInLeft&quot;}\" data-widget_type=\"image.default\">\n\t\t\t\t<div class=\"elementor-widget-container\">\n\t\t\t\t\t\t\t\t\t\t\t\t\t\t\t<img decoding=\"async\" src=\"https:\/\/pillon-sculptures.fr\/wp-content\/uploads\/2023\/11\/imageonline-co-roundcorner.png\" title=\"detail-mime-marceau\" alt=\"detail-mime-marceau\" loading=\"lazy\" \/>\t\t\t\t\t\t\t\t\t\t\t\t\t\t\t<\/div>\n\t\t\t\t<\/div>\n\t\t\t\t<\/div>\n\t\t<div class=\"elementor-element elementor-element-f9c37c9 e-con-full e-flex e-con e-child\" data-id=\"f9c37c9\" data-element_type=\"container\" data-e-type=\"container\">\n\t\t\t\t<div class=\"elementor-element elementor-element-ab97cb9 elementor-invisible elementor-widget elementor-widget-text-editor\" data-id=\"ab97cb9\" data-element_type=\"widget\" data-e-type=\"widget\" data-settings=\"{&quot;_animation&quot;:&quot;fadeInRight&quot;}\" data-widget_type=\"text-editor.default\">\n\t\t\t\t<div class=\"elementor-widget-container\">\n\t\t\t\t\t\t\t\t\t<p>Si mes papiers t&rsquo;ont emball\u00e9, tu peux aussi m&rsquo;\u00e9crire !<\/p><p><em>jeanfrancois.pillon@yahoo.fr<\/em><\/p>\t\t\t\t\t\t\t\t<\/div>\n\t\t\t\t<\/div>\n\t\t\t\t<\/div>\n\t\t\t\t\t<\/div>\n\t\t\t\t<\/div>\n\t\t\t\t<\/div>\n\t\t","protected":false},"excerpt":{"rendered":"<p>Si mes papiers t&rsquo;ont emball\u00e9, tu peux aussi m&rsquo;\u00e9crire ! jeanfrancois.pillon@yahoo.fr<\/p>\n","protected":false},"author":1,"featured_media":0,"parent":0,"menu_order":0,"comment_status":"closed","ping_status":"closed","template":"","meta":{"om_disable_all_campaigns":false,"_monsterinsights_skip_tracking":false,"_monsterinsights_sitenote_active":false,"_monsterinsights_sitenote_note":"","_monsterinsights_sitenote_category":0,"footnotes":""},"class_list":["post-104","page","type-page","status-publish","hentry"],"yoast_head":"<!-- This site is optimized with the Yoast SEO plugin v22.0 - https:\/\/yoast.com\/wordpress\/plugins\/seo\/ -->\n<title>- PAPIER COLL\u00c9<\/title>\n<meta name=\"robots\" content=\"index, follow, max-snippet:-1, max-image-preview:large, max-video-preview:-1\" \/>\n<link rel=\"canonical\" href=\"https:\/\/pillon-sculptures.fr\/?page_id=104\" \/>\n<meta property=\"og:locale\" content=\"fr_FR\" \/>\n<meta property=\"og:type\" content=\"article\" \/>\n<meta property=\"og:title\" content=\"- PAPIER COLL\u00c9\" \/>\n<meta property=\"og:description\" content=\"Si mes papiers t&rsquo;ont emball\u00e9, tu peux aussi m&rsquo;\u00e9crire ! jeanfrancois.pillon@yahoo.fr\" \/>\n<meta property=\"og:url\" content=\"https:\/\/pillon-sculptures.fr\/?page_id=104\" \/>\n<meta property=\"og:site_name\" content=\"PAPIER COLL\u00c9\" \/>\n<meta property=\"article:modified_time\" content=\"2024-02-07T10:24:57+00:00\" \/>\n<meta property=\"og:image\" content=\"http:\/\/pillon-sculptures.fr\/wp-content\/uploads\/elementor\/thumbs\/imageonline-co-roundcorner-qfl71r92xed16o921urzygaomw7dcgnz7rhpwdk034.png\" \/>\n<meta name=\"twitter:card\" content=\"summary_large_image\" \/>\n<script type=\"application\/ld+json\" class=\"yoast-schema-graph\">{\"@context\":\"https:\/\/schema.org\",\"@graph\":[{\"@type\":\"WebPage\",\"@id\":\"https:\/\/pillon-sculptures.fr\/?page_id=104\",\"url\":\"https:\/\/pillon-sculptures.fr\/?page_id=104\",\"name\":\"- PAPIER COLL\u00c9\",\"isPartOf\":{\"@id\":\"https:\/\/pillon-sculptures.fr\/#website\"},\"datePublished\":\"2023-11-19T11:22:13+00:00\",\"dateModified\":\"2024-02-07T10:24:57+00:00\",\"inLanguage\":\"fr-FR\",\"potentialAction\":[{\"@type\":\"ReadAction\",\"target\":[\"https:\/\/pillon-sculptures.fr\/?page_id=104\"]}]},{\"@type\":\"WebSite\",\"@id\":\"https:\/\/pillon-sculptures.fr\/#website\",\"url\":\"https:\/\/pillon-sculptures.fr\/\",\"name\":\"PAPIER COLL\u00c9\",\"description\":\"Jean-Fran\u00e7ois Pillon\",\"publisher\":{\"@id\":\"https:\/\/pillon-sculptures.fr\/#organization\"},\"potentialAction\":[{\"@type\":\"SearchAction\",\"target\":{\"@type\":\"EntryPoint\",\"urlTemplate\":\"https:\/\/pillon-sculptures.fr\/?s={search_term_string}\"},\"query-input\":\"required name=search_term_string\"}],\"inLanguage\":\"fr-FR\"},{\"@type\":\"Organization\",\"@id\":\"https:\/\/pillon-sculptures.fr\/#organization\",\"name\":\"PAPIER COLL\u00c9\",\"url\":\"https:\/\/pillon-sculptures.fr\/\",\"logo\":{\"@type\":\"ImageObject\",\"inLanguage\":\"fr-FR\",\"@id\":\"https:\/\/pillon-sculptures.fr\/#\/schema\/logo\/image\/\",\"url\":\"https:\/\/pillon-sculptures.fr\/wp-content\/uploads\/2023\/11\/gJcS2_vDVE6U2_U8UG52hVZSBvI@500x500-1.jpg\",\"contentUrl\":\"https:\/\/pillon-sculptures.fr\/wp-content\/uploads\/2023\/11\/gJcS2_vDVE6U2_U8UG52hVZSBvI@500x500-1.jpg\",\"width\":500,\"height\":500,\"caption\":\"PAPIER COLL\u00c9\"},\"image\":{\"@id\":\"https:\/\/pillon-sculptures.fr\/#\/schema\/logo\/image\/\"}}]}<\/script>\n<!-- \/ Yoast SEO plugin. -->","yoast_head_json":{"title":"- PAPIER COLL\u00c9","robots":{"index":"index","follow":"follow","max-snippet":"max-snippet:-1","max-image-preview":"max-image-preview:large","max-video-preview":"max-video-preview:-1"},"canonical":"https:\/\/pillon-sculptures.fr\/?page_id=104","og_locale":"fr_FR","og_type":"article","og_title":"- PAPIER COLL\u00c9","og_description":"Si mes papiers t&rsquo;ont emball\u00e9, tu peux aussi m&rsquo;\u00e9crire ! jeanfrancois.pillon@yahoo.fr","og_url":"https:\/\/pillon-sculptures.fr\/?page_id=104","og_site_name":"PAPIER COLL\u00c9","article_modified_time":"2024-02-07T10:24:57+00:00","og_image":[{"url":"http:\/\/pillon-sculptures.fr\/wp-content\/uploads\/elementor\/thumbs\/imageonline-co-roundcorner-qfl71r92xed16o921urzygaomw7dcgnz7rhpwdk034.png"}],"twitter_card":"summary_large_image","schema":{"@context":"https:\/\/schema.org","@graph":[{"@type":"WebPage","@id":"https:\/\/pillon-sculptures.fr\/?page_id=104","url":"https:\/\/pillon-sculptures.fr\/?page_id=104","name":"- PAPIER COLL\u00c9","isPartOf":{"@id":"https:\/\/pillon-sculptures.fr\/#website"},"datePublished":"2023-11-19T11:22:13+00:00","dateModified":"2024-02-07T10:24:57+00:00","inLanguage":"fr-FR","potentialAction":[{"@type":"ReadAction","target":["https:\/\/pillon-sculptures.fr\/?page_id=104"]}]},{"@type":"WebSite","@id":"https:\/\/pillon-sculptures.fr\/#website","url":"https:\/\/pillon-sculptures.fr\/","name":"PAPIER COLL\u00c9","description":"Jean-Fran\u00e7ois Pillon","publisher":{"@id":"https:\/\/pillon-sculptures.fr\/#organization"},"potentialAction":[{"@type":"SearchAction","target":{"@type":"EntryPoint","urlTemplate":"https:\/\/pillon-sculptures.fr\/?s={search_term_string}"},"query-input":"required name=search_term_string"}],"inLanguage":"fr-FR"},{"@type":"Organization","@id":"https:\/\/pillon-sculptures.fr\/#organization","name":"PAPIER COLL\u00c9","url":"https:\/\/pillon-sculptures.fr\/","logo":{"@type":"ImageObject","inLanguage":"fr-FR","@id":"https:\/\/pillon-sculptures.fr\/#\/schema\/logo\/image\/","url":"https:\/\/pillon-sculptures.fr\/wp-content\/uploads\/2023\/11\/gJcS2_vDVE6U2_U8UG52hVZSBvI@500x500-1.jpg","contentUrl":"https:\/\/pillon-sculptures.fr\/wp-content\/uploads\/2023\/11\/gJcS2_vDVE6U2_U8UG52hVZSBvI@500x500-1.jpg","width":500,"height":500,"caption":"PAPIER COLL\u00c9"},"image":{"@id":"https:\/\/pillon-sculptures.fr\/#\/schema\/logo\/image\/"}}]}},"_links":{"self":[{"href":"https:\/\/pillon-sculptures.fr\/index.php?rest_route=\/wp\/v2\/pages\/104","targetHints":{"allow":["GET"]}}],"collection":[{"href":"https:\/\/pillon-sculptures.fr\/index.php?rest_route=\/wp\/v2\/pages"}],"about":[{"href":"https:\/\/pillon-sculptures.fr\/index.php?rest_route=\/wp\/v2\/types\/page"}],"author":[{"embeddable":true,"href":"https:\/\/pillon-sculptures.fr\/index.php?rest_route=\/wp\/v2\/users\/1"}],"replies":[{"embeddable":true,"href":"https:\/\/pillon-sculptures.fr\/index.php?rest_route=%2Fwp%2Fv2%2Fcomments&post=104"}],"version-history":[{"count":37,"href":"https:\/\/pillon-sculptures.fr\/index.php?rest_route=\/wp\/v2\/pages\/104\/revisions"}],"predecessor-version":[{"id":559,"href":"https:\/\/pillon-sculptures.fr\/index.php?rest_route=\/wp\/v2\/pages\/104\/revisions\/559"}],"wp:attachment":[{"href":"https:\/\/pillon-sculptures.fr\/index.php?rest_route=%2Fwp%2Fv2%2Fmedia&parent=104"}],"curies":[{"name":"wp","href":"https:\/\/api.w.org\/{rel}","templated":true}]}}